e 12) in base 11?
-a
Convert 1a (base 12) to base 11.
20
What is -321 (base 4) in base 6?
-133
-10200 (base 3) to base 11
-90
2 (base 6) to base 15
2
11 (base 2) to base 14
3
-4 (base 15) to base 13
-4
What is -1010 (base 2) in base 11?
-a
Convert 1 (base 14) to base 15.
1
Convert a (base 16) to base 10.
10
10 (base 2) to base 16
2
-4 (base 12) to base 10
-4
-61 (base 14) to base 15
-5a
Convert -5 (base 13) to base 7.
-5
Convert -5 (base 11) to base 10.
-5
What is -36 (base 8) in base 3?
-1010
What is 11100 (base 3) in base 15?
7c
Convert -62 (base 7) to base 5.
-134
Convert 2 (base 6) to base 12.
2
-20 (base 8) to base 10
-16
Convert 12 (base 13) to base 15.
10
What is -26 (base 9) in base 10?
-24
What is 2120 (base 4) in base 9?
178
-36 (base 10) to base 8
-44
Convert -d (base 14) to base 6.
-21
0 (base 3) to base 12
0
-12012 (base 3) to base 6
-352
Convert 112 (base 7) to base 4.
322
Convert 140 (base 6) to base 4.
330
Convert -234 (base 7) to base 16.
-7b
Convert 0 (base 5) to base 16.
0
Convert 1201 (base 4) to base 2.
1100001
Convert 10 (base 3) to base 5.
3
What is 7 (base 16) in base 10?
7
-3 (base 9) to base 7
-3
-6 (base 9) to base 5
-11
What is -1200 (base 4) in base 6?
-240
What is -161 (base 11) in base 12?
-138
Convert -2 (base 3) to base 12.
-2
74 (base 9) to base 4
1003
What is -8 (base 11) in base 10?
-8
5 (base 6) to base 2
101
What is 39 (base 10) in base 5?
124
What is 100 (base 2) in base 4?
10
-2 (base 3) to base 13
-2
-44 (base 8) to base 4
-210
Convert -17 (base 13) to base 15.
-15
0 (base 15) to base 9
0
113 (base 11) to base 3
12000
Convert -102 (base 4) to base 5.
-33
Convert 0 (base 6) to base 10.
0
123 (base 11) to base 2
10010010
What is -56 (base 12) in base 9?
-73
-12 (base 5) to base 13
-7
Convert 0 (base 4) to base 10.
0
What is 23 (base 4) in base 3?
102
1e (base 15) to base 16
1d
2 (base 5) to base 15
2
-1220 (base 3) to base 2
-110011
-1 (base 12) to base 8
-1
What is 4 (base 8) in base 16?
4
What is 173 (base 11) in base 3?
21110
What is 119 (base 15) in base 11?
207
What is 11 (base 2) in base 9?
3
What is -12 (base 5) in base 14?
-7
Convert -226 (base 8) to base 5.
-1100
What is 206 (base 9) in base 14?
c0
0 (base 7) to base 3
0
4 (base 6) to base 5
4
-1 (base 10) to base 16
-1
What is -4 (base 8) in base 10?
-4
What is -10 (base 4) in base 2?
-100
What is 203 (base 6) in base 9?
83
What is 10 (base 2) in base 13?
2
4 (base 5) to base 9
4
What is -14 (base 15) in base 6?
-31
What is 4 (base 12) in base 10?
4
Convert 11 (base 7) to base 6.
12
-10a (base 14) to base 6
-542
-178 (base 10) to base 8
-262
Convert 27 (base 15) to base 16.
25
3 (base 12) to base 16
3
201 (base 5) to base 8
63
Convert 20 (base 16) to base 6.
52
What is 100 (base 2) in base 13?
4
Convert 2 (base 15) to base 7.
2
-a (base 13) to base 10
-10
What is 101101 (base 2) in base 10?
45
3a (base 13) to base 16
31
Convert -115 (base 7) to base 12.
-51
135 (base 7) to base 13
5a
What is -1 (base 2) in base 12?
-1
Convert 9 (base 14) to base 16.
9
11 (base 7) to base 8
10
Convert -1a5 (base 15) to base 8.
-574
81 (base 12) to base 10
97
Convert 2 (base 6) to base 9.
2
Convert -a (base 12) to base 15.
-a
Convert 37 (base 11) to base 13.
31
-1 (base 11) to base 10
-1
What is 4 (base 13) in base 10?
4
Convert -1111 (base 3) to base 5.
-130
Convert 10 (base 3) to base 11.
3
What is 303 (base 4) in base 12?
43
What is -5 (base 12) in base 13?
-5
Convert a3 (base 11) to base 7.
221
Convert -e (base 16) to base 14.
-10
157 (base 13) to base 14
133
1 (base 5) to base 15
1
-1 (base 9) to base 13
-1
What is 10 (base 4) in base 8?
4
Convert -77 (base 14) to base 7.
-210
-158 (base 13) to base 11
-200
Convert 21120 (base 3) to base 5.
1304
Convert 4 (base 12) to base 3.
11
Convert -10 (base 12) to base 16.
-c
Convert -2 (base 10) to base 3.
-2
What is 49 (base 16) in base 12?
61
Convert -6 (base 7) to base 15.
-6
What is -212 (base 4) in base 12?
-32
Convert 13 (base 4) to base 15.
7
4 (base 7) to base 3
11
What is -65 (base 11) in base 10?
-71
-11 (base 2) to base 8
-3
What is 1 (base 11) in base 6?
1
Convert 225 (base 7) to base 11.
a7
Convert 46 (base 7) to base 6.
54
134 (base 5) to base 13
35
Convert 1001011 (base 2) to base 10.
75
Convert -ae (base 16) to base 7.
-336
What is -10 (base 10) in base 4?
-22
Convert 12 (base 7) to base 12.
9
What is -10 (base 3) in base 9?
-3
Convert -10 (base 11) to base 15.
-b
19 (base 15) to base 6
40
Convert 10102 (base 4) to base 8.
422
Convert 0 (base 8) to base 16.
0
-1 (base 15) to base 14
-1
What is 12 (base 7) in base 16?
9
What is 11 (base 2) in base 5?
3
Convert 2e (base 16) to base 14.
34
0 (base 14) to base 4
0
1001011 (base 2) to base 11
69
What is -1 (base 3) in base 12?
-1
Convert 23 (base 13) to base 9.
32
What is -13 (base 6) in base 8?
-11
What is 114 (base 9) in base 16?
5e
26 (base 14) to base 11
31
What is -26 (base 14) in base 8?
-42
Convert 0 (base 12) to base 7.
0
2 (base 6) to base 10
2
Convert -333 (base 5) to base 13.
-72
What is 3 (base 7) in base 2?
11
What is -22 (base 5) in base 2?
-1100
Convert -124 (base 10) to base 9.
-147
Convert -21 (base 5) to base 8.
-13
2 (base 11) to base 9
2
Convert -11101 (base 2) to base 13.
-23
3 (base 13) to base 6
3
90 (base 13) to base 6
313
-100 (base 6) to base 7
-51
-1 (base 9) to base 15
-1
What is -101 (base 3) in base 6?
-14
What is -22 (base 4) in base 2?
-1010
-140 (base 5) to base 12
-39
-111011 (base 2) to base 16
-3b
Convert b (base 13) to base 10.
11
Convert -a (base 11) to base 4.
-22
Convert 1 (base 2) to base 13.
1
What is -23 (base 9) in base 5?
-41
What is 11 (base 2) in base 16?
3
Convert 4 (base 11) to base 2.
100
-1 (base 16) to base 14
-1
-1111 (base 2) to base 6
-23
Convert 4 (base 12) to base 5.
4
What is 2 (base 9) in base 3?
2
Convert -10033 (base 4) to base 9.
-331
What is 17 (base 13) in base 12?
18
What is 0 (base 4) in base 2?
0
Convert 18 (base 10) to base 9.
20
What is 13 (base 5) in base 15?
8
What is -11 (base 14) in base 11?
-14
Convert -1000 (base 2) to base 5.
-13
What is 168 (base 13) in base 7?
513
What is 1100100 (base 2) in base 6?
244
-23 (base 6) to base 16
-f
Convert -1 (base 4) to base 14.
-1
4 (base 12) to base 7
4
Convert 0 (base 10) to base 13.
0
56 (base 13) to base 2
1000111
-404 (base 5) to base 2
-1101000
330 (base 4) to base 2
111100
-4 (base 11) to base 8
-4
What is -3 (base 7) in base 9?
-3
What is -19 (base 16) in base 4?
-121
What is 12 (base 4) in base 6?
10
What is -6 (base 14) in base 11?
-6
What is 0 (base 2) in base 10?
0
Convert -1b8 (base 12) to base 16.
-11c
What is a7 (base 11) in base 5?
432
What is 111000 (base 2) in base 9?
62
Convert -1 (base 4) to base 3.
-1
335 (base 10) to base 7
656
Convert 10 (base 4) to base 9.
4
2 (base 14) to base 15
2
Convert 28 (base 13) to base 14.
26
-10 (base 2) to base 8
-2
Convert 28 (base 15) to base 14.
2a
Convert -5 (base 8) to base 7.
-5
16 (base 12) to base 15
13
What is -38 (base 10) in base 16?
-26
-100010011 (base 2) to base 10
-275
What is -1111 (base 2) in base 11?
-14
Convert 2 (base 8) to base 14.
2
What is -25 (base 6) in base 13?
-14
-22 (base 14) to base 3
-1010
What is -1010 (base 2) in base 15?
-a
-1a (base 16) to base 3
-222
What is 3 (base 7) in base 16?
3
-2 (base 13) to base 14
-2
Convert 3332 (base 4) to base 16.
fe
1000 (base 2) to base 10
8
-2 (base 13) to base 4
-2
Convert 22 (base 3) to base 7.
11
-5 (base 7) to base 8
-5
-266 (base 8) to base 2
-10110110
-10011 (base 2) to base 16
-13
What is -11030 (base 4) in base 9?
-408
Convert 0 (base 4) to base 7.
0
-26 (base 7) to base 5
-40
Convert 440 (base 8) to base 10.
288
11012 (base 3) to base 7
221
Convert -45 (base 12) to base 15.
-38
Convert 2 (base 3) to base 6.
2
-26 (base 7) to base 15
-15
25 (base 12) to base 14
21
1 (base 10) to base 9
1
4 (base 11) to base 12
4
What is 10 (base 16) in base 14?
12
What is 78 (base 16) in base 10?
120
What is -3 (base 4) in base 12?
-3
Convert 26 (base 10) to base 4.
122
100101 (base 2) to base 16
25
What is 16 (base 13) in base 7?
25
-2 (base 3) to base 8
-2
-13 (base 13) to base 15
-11
Convert 29 (base 11) to base 3.
1011
What is 25 (base 8) in base 9?
23
What is -100 (base 2) in base 4?
-10
19 (base 15) to base 13
1b
42 (base 7) to 